What is the highest common divisor of w and 6?
6
Let h be 50 + -3 + 3/1. Suppose 0 = -2*y + 4, 46*l - 44*l - 694 = 3*y. What is the greatest common factor of h and l?
50
Suppose 8626 = -78*n + 53086. What is the greatest common factor of 171 and n?
57
Let o(q) = 79*q**2 - 947*q + 4721. Let g be o(5). What is the highest common divisor of 477 and g?
53
Suppose -8*y + 42 = v - 3*y, -4*y = -8. Suppose -4*u - 4*u = v. Let j be u/22 + 552/132. What is the highest common factor of 28 and j?
4
Let y(z) = -4*z**3 + 10*z + 24. Let k be y(-2). Calculate the greatest common divisor of 1638 and k.
18
Suppose 301 - 281 = 4*y, -220 = -5*a - 4*y. Let z be 26/((-5 + 3)*1). Let l = 21 + z. What is the highest common factor of a and l?
8
Let f be (2/(-10))/(12/(-9360)*6). What is the greatest common factor of f and 10842?
26
Suppose -5*p - 2*j = -1087, -34*p + 29*p - 5*j + 1105 = 0. Calculate the highest common divisor of p and 2.
1
Suppose 8*h - 9*h = -4*o + 139, 0 = 2*o - 2*h - 68. What is the highest common divisor of 165 and o?
5
Let x be (-25)/(-2)*(-4)/30*(-11 - 22). Let u = 141 + -97. What is the highest common factor of u and x?
11
Suppose 0 = 8*c + 4*c - 3888. Let k be (c/30)/(3/30). Calculate the greatest common divisor of 4 and k.
4
Let v(i) = 189*i + 3238. Let k be v(-14). Calculate the highest common divisor of k and 6660.
148
Let y be (-170)/4*-2308*(6 - 0)/30. What is the greatest common factor of y and 17?
17
Let g(z) = -z**3 + 5*z**2 - z + 5. Let v be g(5). Let k = 45 + 354. Suppose 0 = -d, -5*s + 5*d + 321 + k = v. What is the highest common divisor of 32 and s?
16
Let d(j) = -15*j + 568 - j**2 - 568. Let v be d(-12). Calculate the greatest common divisor of v and 126.
18
Suppose 5*d - 3*x = 1875, d = 4*d - 2*x - 1124. Let v be d/15*25/10. Let r = 34 - -8. Calculate the greatest common factor of r and v.
21
Let y be (-3260)/(-2) - (2/(-2) + 5). Suppose 14*c + 2 = y. Let n(m) = -6*m + 5. Let o be n(-4). Calculate the highest common factor of c and o.
29
Let h(d) = 27*d**2 - 7*d - 29. Let o be h(2). What is the greatest common factor of 95 and o?
5
Let i be (2/(-5))/((-3)/(-15)). Let b = 4635 - 4358. Let s = b + i. Calculate the highest common factor of s and 25.
25
Let v(i) = -i**2 - 33*i - 40. Let h be v(-36). Let y = -90 - h. What is the greatest common divisor of y and 638?
58
Let v(l) = 278*l**3 - 3*l**2 + 4. Let h be v(1). Let a(s) = -32*s**3 - 2*s**2 - 3*s - 2. Let k be a(-1). Calculate the greatest common factor of k and h.
31
Let w = -7307 + 7364. Calculate the greatest common factor of 5168 and w.
19
Suppose -3*n + 213 = -87. Suppose 2*o + 5*i - 218 = 0, 5*o + 3*i + 2*i = 530. Suppose 20 = 105*p - o*p. Calculate the greatest common factor of n and p.
20
Suppose 3*b - 3*w = 3, 1 = 2*b - 4*w + 3. Let a be (-2)/(-12)*50*b. Let r be (50/4)/((-2)/(-4)). What is the highest common divisor of a and r?
25
Suppose 0 = -3*x - 3, 135 = 3*v + 2*x - 127. What is the greatest common divisor of v and 308?
44
Let y be 2 + (1 - -1) + 216/3. What is the greatest common divisor of y and 116?
4
Suppose 4*u - 893 = -p, 0 = 2*u - 18*p + 22*p - 436. Let z = u + -215. Calculate the greatest common divisor of 3 and z.
3
Let f = 15125 + -14957. What is the highest common factor of f and 735?
21
Let s = -9955 + 10015. Calculate the greatest common factor of 75 and s.
15
Suppose -6 = 2*a + 62. Let p = -663 + 653. Let u = p - a. Calculate the greatest common factor of 60 and u.
12
Suppose -1003824 + 1446861 = 99*b - 1324707. What is the highest common divisor of 384 and b?
192
Let m be ((-75276)/(-1071))/((-2)/(-21)). What is the highest common divisor of m and 164?
82
Suppose -412*n + 4278 + 3015 = -395*n. Let u = 21 + -8. What is the highest common divisor of n and u?
13
Let d(w) = -22*w + 23. Let l be d(1). Calculate the highest common divisor of l and 32.
1
Let n = -16 + 21. Suppose -9 - n = -7*o. Suppose -5*s = o*s - 189. What is the highest common divisor of s and 3?
3
Suppose n + 20 = -5*y - 8, 0 = -5*y. Let u be (-1*2/8)/(1/n). What is the greatest common factor of u and 21?
7
Suppose -12 - 20 = 2*g. Let r(s) = -23*s + 1. Let k be r(-1). Let v = k + g. Calculate the greatest common divisor of 20 and v.
4
Let j(p) = 4*p**2 + 334*p + 1294. Let n be j(-80). Calculate the greatest common divisor of n and 8091.
87
Suppose -4*w = -5*q + 26, 2*q + 3*w + 9 = 4*q. Suppose -2*a - 42 = 26*d - 286, 0 = -5*a + 3*d + 882. Calculate the greatest common divisor of q and a.
6
Let a be (0/33)/(0 + -6). Let s(p) = -5*p + 40. Let z be s(a). Calculate the greatest common divisor of z and 30.
10
Let p(c) = 18*c**2 - 9*c + 13. Let r be p(2). Let u = r - 33. Suppose u*d - 36*d = -18. Calculate the highest common factor of 1 and d.
1
Let b = -62 + 65. Let j be (2 + 8/2)*1/b. Suppose -j*v - 138 = -4*r - 4*v, 4*v - 168 = -5*r. Calculate the greatest common divisor of 288 and r.
36
Let f(d) = -3*d + 314. Let y be f(28). Calculate the highest common factor of y and 25990.
230
Let a = -994 - -1005. Calculate the greatest common factor of 55 and a.
11
Suppose 40*x + 2*x + 9968 - 32438 = 0. What is the highest common divisor of x and 428?
107
Let k(n) = -22*n + 2. Let o(q) = 45*q - 4. Let f(a) = -11*k(a) - 6*o(a). Let b be f(7). Let l = b - -287. Calculate the highest common factor of l and 31.
31
Let r = 126 - 133. Let t(m) = 6*m + 51. Let p be t(r). Calculate the greatest common divisor of p and 1.
1
Suppose -42747 + 94742 = 307*m - 83085. Suppose -4*o - 96 = -s, -300 = -4*s - 2*o - 3*o. What is the greatest common factor of m and s?
40
Let q = 12 + -13. Let u be 1 - 8*(q - 12). Suppose -i = -6*i + 350. What is the greatest common factor of i and u?
35
Let f(j) be the third derivative of -j**5/60 + 3*j**4/4 + 11*j**3/3 + 57*j**2. Let y be f(19). What is the greatest common factor of y and 6?
3
Let z = -1747 + 1771. Calculate the greatest common factor of 3816 and z.
24
Let i(h) = h**2 - h - 10. Let c be i(4). Suppose 1302 = 3*g - l - c*l, -2*l + 419 = g. Calculate the highest common factor of g and 39.
39
Let g(q) = -394*q - 4. Let m be g(-1). Suppose 2*d = -5*r + m, 0*d + 2*d - 386 = -4*r. Calculate the greatest common divisor of 37 and d.
37
Suppose -r + 11738 = 2*o, 51*o - 56*o = -5*r - 29375. Calculate the greatest common divisor of o and 741.
57
Suppose 0 = 7*q - 5 - 23. Suppose 4*x = -32 - q. Let r be (-8416)/(-36) + (-2)/x. What is the greatest common divisor of 13 and r?
13
Let j(n) = 76*n - 527. Let u be j(8). Calculate the highest common divisor of u and 72.
9
Suppose 4*a + d + 33 = 0, 3*a - 11 = a + 5*d. Let x = 11 + a. Let k = -5521 + 5565. Calculate the greatest common divisor of x and k.
4
Let m = 3819 - 3744. Calculate the greatest common factor of 1560 and m.
15
Suppose 0 = 4*h + 3*i - 138, -3*i + 53 = h + 23. Let b be (96/5)/(4/30). What is the highest common factor of h and b?
36
Let r(s) = 73*s + 76. Let o be r(13). Suppose 0 = -4*m + 129 - 29. Calculate the greatest common factor of o and m.
25
Let m(o) = 2*o + 6. Let q be (-12)/(-8)*(2 + (-16)/(-2)). Suppose 9*u - 10*u + q = 0. Let f be m(u). Calculate the highest common factor of f and 24.
12
Let u(v) = 419*v**2 - 9*v - 8. Let r be u(-1). Let k = r - 380. What is the greatest common divisor of k and 110?
10
Suppose 210 = 3*x + f, 0 = -1017*x + 1019*x + 2*f - 132. Calculate the greatest common divisor of x and 2628.
36
Let u(c) = -2*c**2 + 82*c + 293. Let g be u(44). What is the highest common factor of 551 and g?
29
Let i(f) = -2*f + 13. Suppose 36 = 9*j - 9. Suppose -5*u + 3 = -3*u + j*t, -u = t - 3. Let r be i(u). Calculate the highest common factor of 35 and r.
5
Let k be (-37 + 46)/(1 + 34/(-40)). Let c = -5 + 4. Let j be (2/((-20)/5))/(c/k). What is the highest common divisor of j and 12?
6
Suppose -2 = -p + 9. Suppose -16 = -3*d + p. Suppose -2*j - j = -d. What is the highest common factor of j and 3?
3
Let w(y) = 2*y**2 + 3*y + 6. Let l be w(-4). Let j = -127894 - -129168. Calculate the highest common divisor of l and j.
26
Suppose -1872 = -33*d + 4134. Calculate the greatest common divisor of d and 832.
26
Suppose -17*f + 731 = -13*f + 5*u, -f + 181 = u. What is the highest common factor of f and 4089?
87
Let a be (-408)/(-34) - (10 + 0) - 45/(-5). What is the greatest common divisor of a and 437?
1
S